{"id":92282,"date":"2021-09-21T13:17:24","date_gmt":"2021-09-21T13:17:24","guid":{"rendered":"https:\/\/reset.org\/?page_id=92282"},"modified":"2025-11-12T13:58:02","modified_gmt":"2025-11-12T11:58:02","slug":"podcast","status":"publish","type":"page","link":"https:\/\/reset.org\/podcast\/","title":{"rendered":"Podcast"},"content":{"rendered":"\n<h2 class=\"wp-block-heading\" id=\"h-11-raus-aus-dem-klimakrisenmodus-wie-konstruktiver-journalismus-neue-handlungsraume-eroffnet\">#11: Raus aus dem Klimakrisenmodus: Wie konstruktiver Journalismus neue Handlungsr\u00e4ume er\u00f6ffnet<\/h2>\n\n\n\n<p>Ist es schon Aktivismus, wenn Journalist:innen \u00fcber L\u00f6sungen schreiben? In Folge #11 von RESET Radio geht es um die Ethik des Umweltjournalismus \u2013 und dar\u00fcber, wie konstruktiver Journalismus neue Handlungsr\u00e4ume er\u00f6ffnen kann.<\/p>\n\n\n\n<p>Indra Jungblut (Redaktionsleiterin bei RESET) spricht mit Felix Austen von Perspective Daily \u00fcber die Macht guter Geschichten, die Wissen in Verst\u00e4ndnis, Akzeptanz und Ver\u00e4nderungskraft verwandeln k\u00f6nnen \u2013 und dar\u00fcber, welche Verantwortung Medien haben, Machtstrukturen sichtbar zu machen, statt nur Symptome zu beleuchten.<\/p>\n\n\n\n<script class=\"podigee-podcast-player\" src=\"https:\/\/player.podigee-cdn.net\/podcast-player\/javascripts\/podigee-podcast-player.js\" data-configuration=\"https:\/\/reset.podigee.io\/11-konstruktiver-journalismus\/embed?context=external\"><\/script>\n\n\n\n<p class=\"gb-headline gb-headline-a4e59b46 gb-headline-text\"><em>Gef\u00f6rdert durch die Deutsche Bundesstiftung Umwelt (DBU).<\/em><br><br><br><br><\/p>\n\n\n\n<h2 class=\"wp-block-heading\" id=\"h-10-was-kann-die-digitalisierung-zur-agrarwende-beitragen\">#10: Was kann die Digitalisierung zur Agrarwende beitragen<\/h2>\n\n\n\n<p>Wir sind f\u00fcr unser \u00dcberleben auf die Landwirtschaft angewiesen. Doch nicht-nachhaltige Anbaupraktiken tragen zu hohen CO2- und Methanemissionen und gesch\u00e4digten \u00d6kosystemen bei. Zugleich ist die Landwirtschaft selbst stark von den Folgen des Klimawandels betroffen. Wie k\u00f6nnen wir zu einer nachhaltigen Landwirtschaft kommen, die unsere Ern\u00e4hrung sichert, dabei aber nicht die Umwelt sch\u00e4digt oder den Klimawandel noch weiter befeuert?<\/p>\n\n\n\n<p>Wir sprechen mit der Agronomistin Prof. Dr. Sonoko Dorothea Bellingrath-Kimura, die am Leibniz-Zentrum f\u00fcr Agrarlandschaftsforschung (ZALF) zu den Auswirkungen der Landwirtschaft auf \u00d6kosysteme und Biodiversit\u00e4t forscht und dort mithilfe von digitalen Technologien und empirischen Feldversuchen nachhaltige Anbausysteme entwickelt.<\/p>\n\n\n\n<script class=\"podigee-podcast-player\" src=\"https:\/\/player.podigee-cdn.net\/podcast-player\/javascripts\/podigee-podcast-player.js\" data-configuration=\"https:\/\/reset.podigee.io\/10-agrarwende-digitalisierung-interview\/embed?context=external\"><\/script>\n\n\n\n<p class=\"gb-headline gb-headline-a4e59b46 gb-headline-text\"><em>Gef\u00f6rdert durch die Deutsche Bundesstiftung Umwelt (DBU).<\/em><br><br><br><br><\/p>\n\n\n\n<h2 class=\"gb-headline gb-headline-d392132e gb-headline-text\">#9: <strong>Mit digitalen Tools zum klimaneutralen Geb\u00e4udesektor<\/strong><br><\/h2>\n\n\n\n<p>Der Geb\u00e4udesektor verursacht in Deutschland etwa 40 Prozent (!) der CO2-Emissionen. Diese m\u00fcssen schnell und radikal gesenkt werden, damit wir eine Chance haben, unsere Klimaziele zu erreichen und die Folgen des Klimawandels einzud\u00e4mmen.<\/p>\n\n\n\n<p>In Episode #9 von RESET Radio beleuchten wir die wesentlichen Stellschrauben f\u00fcr die dringend n\u00f6tige Geb\u00e4udewende und zeigen auf, wie digitale Tools und Technologien dabei unterst\u00fctzen k\u00f6nnen, eine nachhaltige Transformation im Geb\u00e4udesektor voranzutreiben &#8211; von der Planung bis zum Abriss \u00fcber den gesamten Lebenszyklus eines Geb\u00e4udes. Wir stellen spannende L\u00f6sungen vor und lassen die Expertin Sybil Steuwer vom BPIE zu Wort kommen.  Au\u00dferdem mit dabei Lydia Skrabania, Uta M\u00fchleis und Luisa Ilse von RESET.<\/p>\n\n\n\n<script class=\"podigee-podcast-player\" src=\"https:\/\/player.podigee-cdn.net\/podcast-player\/javascripts\/podigee-podcast-player.js\" data-configuration=\"https:\/\/reset.podigee.io\/9-gebaeudewende-mit-digitalen-tools-zum-klimaneutralen-gebaeudesektor\/embed?context=external\"><\/script>\n\n\n\n<p class=\"gb-headline gb-headline-24121ee0 gb-headline-text\"><em>Gef\u00f6rdert durch die Deutsche Bundesstiftung Umwelt (DBU).<\/em><br><br><br><br><\/p>\n\n\n\n<h2 class=\"wp-block-heading\" id=\"h-8-reset-re-publica2023-dieses-open-source-navi-zeigt-wie-die-mobilitatswende-vorangetrieben-werden-kann\">#8: RESET@re:publica2023: Dieses Open-Source-Navi zeigt, wie die Mobilit\u00e4tswende vorangetrieben werden kann<\/h2>\n\n\n\n<p><\/p>\n\n\n\n<p>RESET war bei der re:publica 2023 mit der Session \u201eDie Stadt nach dem Auto &#8211; es gibt viel zu gewinnen\u201c dabei. Dieses Thema haben wir gew\u00e4hlt, weil die Debatte um die Mobilit\u00e4tswende stark von \u00c4ngsten und Sorgen gepr\u00e4gt ist und viele Menschen bef\u00fcrchten, man wolle ihnen etwas \u201ewegnehmen\u201c &#8211; n\u00e4mlich ihr Auto. Doch es hat viel mehr Vorteile als Nachteile, wenn wir unser Mobilit\u00e4tsverhalten \u00e4ndern. Und weil wir das Thema so wichtig finden und breiter streuen wollen, ver\u00f6ffentlichen wir unsere re:publica-Session auch als Podcastfolge, in etwas gek\u00fcrzter und editierter Form.<\/p>\n\n\n\n<p>Auf der B\u00fchne unterhielt sich Indra Jungblut (Redaktionsleitung RESET) mit Jana Zieger, die das Projekt&nbsp;stadtnavi Herrenberg&nbsp;leitet. Das stadtnavi ist eine kommunale Mobilit\u00e4tsapp mit Open-Source-Ansatz, die auf multimodale Mobilit\u00e4t setzt und damit einen wichtigen Anreiz bietet, vom Auto auf Fahrrad, F\u00fc\u00dfe und \u00d6PNV umzusteigen. Welche Herausforderungen es dabei zu meistern gilt und welche Chancen eine nachhaltige Mobilit\u00e4t bereith\u00e4lt f\u00fcr uns, k\u00f6nnt ihr hier nachh\u00f6ren.<\/p>\n\n\n\n<script class=\"podigee-podcast-player\" src=\"https:\/\/player.podigee-cdn.net\/podcast-player\/javascripts\/podigee-podcast-player.js\" data-configuration=\"https:\/\/reset.podigee.io\/8-reset-republica-2023-mobilitaetswende\/embed?context=external\"><\/script>\n\n\n\n<p class=\"gb-headline gb-headline-7cbf2f4e gb-headline-text\"><em>Gef\u00f6rdert durch die Deutsche Bundesstiftung Umwelt (DBU).<\/em><br><br><br><br><\/p>\n\n\n\n<h2 class=\"wp-block-heading\" id=\"h-7-wie-konnen-wir-die-mobilitatswende-vorantreiben\">#7: Wie k\u00f6nnen wir die Mobilit\u00e4tswende vorantreiben?<\/h2>\n\n\n\n<p><\/p>\n\n\n\n<p>Die Mobilit\u00e4tswende muss deutlich an Fahrt aufnehmen, wenn Deutschland seine Klimaziele erreichen will. Wissenschaftler*innen sind sich einig, dass die CO2-Emissionen im Verkehr nur gesenkt werden k\u00f6nnen, wenn es gelingt, den Verkehr radikal zu verlagern &#8211; weg vom motorisierten Individualverkehr, hin zu einem Verbund aus \u00d6PNV, Rad- und Fu\u00dfverkehr. Allerdings zeigt sich der Verkehrssektor besonders widerst\u00e4ndig darin, seine Emissionen zu reduzieren. Wie also k\u00f6nnen wir die Mobilit\u00e4tswende vorantreiben? Wie k\u00f6nnen m\u00f6gliche L\u00f6sungen f\u00fcr die Mobilit\u00e4t der Zukunft aussehen und welche Rolle spielt die Digitalisierung dabei?<br><br>In dieser Interview-Folge von RESET Radio sprechen wir ausf\u00fchrlich mit der Mobilit\u00e4tsexpertin und -aktivistin Katja Diehl. Sie hat eine klare Position: Das Auto, so wie wir es aktuell nutzen, muss weg &#8211; dabei haben wir aber mehr zu gewinnen, als zu verlieren.<\/p>\n\n\n\n<script class=\"podigee-podcast-player\" src=\"https:\/\/player.podigee-cdn.net\/podcast-player\/javascripts\/podigee-podcast-player.js\" data-configuration=\"https:\/\/reset.podigee.io\/7-mobilitaetswende\/embed?context=external\"><\/script>\n\n\n\n<p class=\"gb-headline gb-headline-e5737eb0 gb-headline-text\"><em>Gef\u00f6rdert durch die Deutsche Bundesstiftung Umwelt (DBU).<\/em><br><\/p>\n\n\n\n<div style=\"height:100px\" aria-hidden=\"true\" class=\"wp-block-spacer\"><\/div>\n\n\n\n<h2 class=\"wp-block-heading\" id=\"h-6-wie-kann-die-transformation-unseres-energiesystems-gelingen\">#6: Wie kann die Transformation unseres Energiesystems gelingen?<\/h2>\n\n\n\n<p><\/p>\n\n\n\n<p>Eine schnelle und vollst\u00e4ndige Energiewende ist unerl\u00e4sslich, um die Folgen des menschengemachten Klimawandels abzumildern. Welche Rolle spielen digitale Technologien bei der notwendigen Transformation von Energiewirtschaft und Industrie?<br>In dieser Episode von RESET Radio beleuchten wir Potenziale und H\u00fcrden, stellen spannende L\u00f6sungen vor und lassen zwei Experten zu Wort kommen:Severin Beucker (Boderstep Institut) und Grischa Beier (IASS Potsdam). Au\u00dferdem mit dabei sind Indra Jungblut (Redaktionsleitung RESET) und Uta M\u00fchleis (Gr\u00fcnderin und Gesch\u00e4ftsf\u00fchrerin von RESET).<\/p>\n\n\n\n<script class=\"podigee-podcast-player\" src=\"https:\/\/player.podigee-cdn.net\/podcast-player\/javascripts\/podigee-podcast-player.js\" data-configuration=\"https:\/\/reset.podigee.io\/6-energiewende-industrie\/embed?context=external\"><\/script>\n\n\n\n<p class=\"gb-headline gb-headline-24124343 gb-headline-text\"><em>Gef\u00f6rdert durch die Deutsche Bundesstiftung Umwelt (DBU).<\/em><br><\/p>\n\n\n\n<div style=\"height:100px\" aria-hidden=\"true\" class=\"wp-block-spacer\"><\/div>\n\n\n\n<h2 class=\"wp-block-heading\" id=\"h-5-energiewende-ist-eine-klimaneutrale-industrie-moglich\">#5: Energiewende &#8211; Ist eine klimaneutrale Industrie m\u00f6glich?<\/h2>\n\n\n\n<p><br>Industrie 4.0 \u2013 Ist eine klimaneutrale Industrie mithilfe digitaler Tools m\u00f6glich? Um diese Frage geht es in #5 von RESET Radio!<\/p>\n\n\n\n<p>Ein Viertel aller CO2-Emissionen in Deutschland gehen auf das Konto der Industrie. Dieser Sektor muss also dringend nachhaltiger werden \u2013 aber wie? Oft ist hierbei die Rede von Digitalisierung, von der \u201eIndustrie 4.0\u201c. Wie aber kann die Digitalisierung dazu beitragen, die massiven Emissionen im Industriebereich zu reduzieren? Lassen sich mithilfe von digitalen Tools die Ressourceneffizienz erh\u00f6hen und die Energiequellen der Industrie dekarbonisieren? Genau um diese Fragen geht es in der neuen Interview-Episode von RESET Radio! Antworten liefert unser Interviewpartner&nbsp;Grischa Beier, der seit acht Jahren am&nbsp;Institut f\u00fcr transformative Nachhaltigkeitsforschung IASS in Potsdam&nbsp;zu den Auswirkungen der Digitalisierung auf die Industrie forscht.<\/p>\n\n\n\n<script class=\"podigee-podcast-player\" src=\"https:\/\/player.podigee-cdn.net\/podcast-player\/javascripts\/podigee-podcast-player.js\" data-configuration=\"https:\/\/reset.podigee.io\/5-energiewende-industrie\/embed?context=external\"><\/script>\n\n\n\n<p class=\"gb-headline gb-headline-59e21347 gb-headline-text\"><em>Gef\u00f6rdert durch die Deutsche Bundesstiftung Umwelt (DBU).<\/em><br><\/p>\n\n\n\n<div style=\"height:100px\" aria-hidden=\"true\" class=\"wp-block-spacer\"><\/div>\n\n\n\n<h2 class=\"wp-block-heading\" id=\"h-4-civic-tech-wie-burger-innen-mit-digitalen-tools-zukunft-gestalten\">#4: Civic Tech &#8211; Wie B\u00fcrger*innen mit digitalen Tools Zukunft gestalten<\/h2>\n\n\n\n<p><br>Der Begriff Civic Tech meint digitales b\u00fcrgerschaftliches Engagement, also B\u00fcrgerinnen und zivilgesellschaftliche Akteure, die sich \u00fcber Apps und Plattformen an Forschung und Politik beteiligen. K\u00f6nnen Civic-Tech-L\u00f6sungen dabei helfen, die Klimakrise in den Griff zu bekommen? Welche Rolle spielt dabei der Open-Source-Gedanke? Und welche Herausforderung gilt es im Civic-Tech-Bereich zu bew\u00e4ltigen? Dar\u00fcber haben wir mit der Civic-Tech-Expertin Geraldine de Bastion gesprochen. Das vollst\u00e4ndige Interview h\u00f6rt ihr in Episode #4 von RESET Radio<\/p>\n\n\n\n<script class=\"podigee-podcast-player\" src=\"https:\/\/player.podigee-cdn.net\/podcast-player\/javascripts\/podigee-podcast-player.js\" data-configuration=\"https:\/\/reset.podigee.io\/4-civic-tech\/embed?context=external\"><\/script>\n\n\n\n<p class=\"gb-headline gb-headline-a13b685e gb-headline-text\"><em>Gef\u00f6rdert durch die Deutsche Bundesstiftung Umwelt (DBU).<\/em><\/p>\n\n\n\n<div style=\"height:100px\" aria-hidden=\"true\" class=\"wp-block-spacer\"><\/div>\n\n\n\n<h2 class=\"wp-block-heading\" id=\"h-3-satelliten-im-umwelt-und-klimaschutz-wirkungsvolle-hilfe-aus-dem-all\">#3: Satelliten im Umwelt- und Klimaschutz &#8211; Wirkungsvolle Hilfe aus dem All<\/h2>\n\n\n\n<p><\/p>\n\n\n\n<p>Sie liefern Daten f\u00fcr die Klimaforschung, decken Hotspots der Entwaldung oder illegalen Fischfang auf und helfen, Tiere und Natur besser zu sch\u00fctzen \u2013 Satelliten spielen schon l\u00e4ngst eine wichtige Rolle im Umwelt- und Klimaschutz. Doch durch die Miniaturisierung der Technik, Entwicklungen im Bereich der k\u00fcnstlichen Intelligenz und beim Cloud-Computing und einer neue Denkweise innerhalb der Raumfahrt erleben wir aktuell einen Satelliten-Boom, der uns vor neue Herausforderungen stellt \u2013 wie das wachsende Problem mit dem Weltraumschrott. Wie gro\u00df ist das eigentlich \u2013 und wie l\u00e4sst es sich l\u00f6sen? Und wie k\u00f6nnen wir Projekte f\u00fcr den Umwelt- und Klimaschutz vorantreiben?<\/p>\n\n\n\n<script class=\"podigee-podcast-player\" src=\"https:\/\/player.podigee-cdn.net\/podcast-player\/javascripts\/podigee-podcast-player.js\" data-configuration=\"https:\/\/reset.podigee.io\/3-satelliten\/embed?context=external\"><\/script>\n\n\n\n<p class=\"gb-headline gb-headline-1a1833d5 gb-headline-text\"><meta charset=\"utf-8\"><em><meta charset=\"utf-8\"><em>Gef\u00f6rdert durch die Deutsche Bundesstiftung Umwelt (DBU).<\/em><\/em><\/p>\n\n\n\n<div style=\"height:100px\" aria-hidden=\"true\" class=\"wp-block-spacer\"><\/div>\n\n\n\n<h2 class=\"gb-headline gb-headline-e9bf84e1 gb-headline-text\">#2: KI und Ethik: K\u00f6nnen wir K\u00fcnstlicher Intelligenz vertrauen?<\/h2>\n\n\n\n<p><\/p>\n\n\n\n<p>In dieser Folge von RESET Radio schauen wir uns an, wo und wie solche KI-Systeme eingesetzt werden, welchen Zweck sie verfolgen und welche Daten eigentlich dahinterstecken. Denn wenn KI-basierte Systeme nicht richtig funktionieren oder aber den von ihnen getroffenen Entscheidungen die falschen Daten zugrunde liegen, dann kann das verheerende Auswirkungen haben. Au\u00dferdem besch\u00e4ftigen wir uns damit, was wir diskriminierenden algorithmischen Bias entgegensetzen k\u00f6nnen. Um Antworten auf diese Fragen zu finden, haben wir mit der Expertin Kristina Penner gesprochen, Referentin bei der gemeinn\u00fctzigen Organisation AlgorithmWatch.<\/p>\n\n\n\n<script class=\"podigee-podcast-player\" src=\"https:\/\/player.podigee-cdn.net\/podcast-player\/javascripts\/podigee-podcast-player.js\" data-configuration=\"https:\/\/reset.podigee.io\/2-ki-und-ethik\/embed?context=external\"><\/script>\n\n\n\n<div style=\"height:100px\" aria-hidden=\"true\" class=\"wp-block-spacer\"><\/div>\n\n\n\n<h2 class=\"wp-block-heading\" id=\"h-1-kunstliche-intelligenz-klimaretter-oder-brandbeschleuniger\">#1: K\u00fcnstliche Intelligenz \u2013 Klimaretter oder Brandbeschleuniger?<\/h2>\n\n\n\n<p><\/p>\n\n\n\n<p>Welchen Beitrag k\u00f6nnen KI-Systeme f\u00fcr den Umwelt- und Klimaschutz eigentlich leisten? Wie steht es um ihren \u00f6kologischer Fu\u00dfabdruck? Und wie m\u00fcssen die Rahmenbedingungen f\u00fcr einen nachhaltigen KI-Einsatz gestaltet werden? Diese Themen beleuchten wir in der ersten Folge unseres Podcasts RESET Radio.<\/p>\n\n\n\n<script class=\"podigee-podcast-player\" src=\"https:\/\/player.podigee-cdn.net\/podcast-player\/javascripts\/podigee-podcast-player.js\" data-configuration=\"https:\/\/reset.podigee.io\/1-ki-nachhaltigkeit\/embed?context=external\"><\/script>\n\n\n\n<p class=\"gb-headline gb-headline-c27f1a16 gb-headline-text\"><meta charset=\"utf-8\"><em><em><meta charset=\"utf-8\"><em><em><meta charset=\"utf-8\"><em>Gef\u00f6rdert durch die Deutsche Bundesstiftung Umwelt (DBU).<\/em><\/em><\/em><\/em><\/em><\/p>\n","protected":false},"excerpt":{"rendered":"<p>#11: Raus aus dem Klimakrisenmodus: Wie konstruktiver Journalismus neue Handlungsr\u00e4ume er\u00f6ffnet Ist es schon Aktivismus, wenn Journalist:innen \u00fcber L\u00f6sungen schreiben? In Folge #11 von RESET Radio geht es um die Ethik des Umweltjournalismus \u2013 und dar\u00fcber, wie konstruktiver Journalismus neue Handlungsr\u00e4ume er\u00f6ffnen kann. Indra Jungblut (Redaktionsleiterin bei RESET) spricht mit Felix Austen von Perspective Daily<\/p>\n","protected":false},"author":1,"featured_media":105653,"parent":0,"menu_order":0,"comment_status":"closed","ping_status":"closed","template":"template-pages\/container-page.php","meta":{"_acf_changed":false,"inline_featured_image":false,"footnotes":""},"custom_tags":[],"class_list":["post-92282","page","type-page","status-publish","has-post-thumbnail","hentry"],"acf":[],"yoast_head":"<!-- This site is optimized with the Yoast SEO Premium plugin v27.0 (Yoast SEO v27.0) - https:\/\/yoast.com\/product\/yoast-seo-premium-wordpress\/ -->\n<title>Podcast &#8211; Digital for Good | RESET.ORG<\/title>\n<meta name=\"robots\" content=\"index, follow, max-snippet:-1, max-image-preview:large, max-video-preview:-1\" \/>\n<link rel=\"canonical\" href=\"https:\/\/reset.org\/podcast\/\" \/>\n<meta property=\"og:locale\" content=\"de_DE\" \/>\n<meta property=\"og:type\" content=\"article\" \/>\n<meta property=\"og:title\" content=\"Podcast\" \/>\n<meta property=\"og:description\" content=\"#11: Raus aus dem Klimakrisenmodus: Wie konstruktiver Journalismus neue Handlungsr\u00e4ume er\u00f6ffnet Ist es schon Aktivismus, wenn Journalist:innen \u00fcber L\u00f6sungen schreiben? In Folge #11 von RESET Radio geht es um die Ethik des Umweltjournalismus \u2013 und dar\u00fcber, wie konstruktiver Journalismus neue Handlungsr\u00e4ume er\u00f6ffnen kann. Indra Jungblut (Redaktionsleiterin bei RESET) spricht mit Felix Austen von Perspective Daily\" \/>\n<meta property=\"og:url\" content=\"https:\/\/reset.org\/podcast\/\" \/>\n<meta property=\"og:site_name\" content=\"Digital for Good | RESET.ORG\" \/>\n<meta property=\"article:publisher\" content=\"https:\/\/www.facebook.com\/reset.org\" \/>\n<meta property=\"article:modified_time\" content=\"2025-11-12T11:58:02+00:00\" \/>\n<meta property=\"og:image\" content=\"https:\/\/reset.org\/app\/uploads\/2022\/11\/210421_Reset_Podcast_Logo_1400x1400.jpg\" \/>\n\t<meta property=\"og:image:width\" content=\"1400\" \/>\n\t<meta property=\"og:image:height\" content=\"1400\" \/>\n\t<meta property=\"og:image:type\" content=\"image\/jpeg\" \/>\n<meta name=\"twitter:card\" content=\"summary_large_image\" \/>\n<meta name=\"twitter:site\" content=\"@RESET_org\" \/>\n<meta name=\"twitter:label1\" content=\"Gesch\u00e4tzte Lesezeit\" \/>\n\t<meta name=\"twitter:data1\" content=\"7 Minuten\" \/>\n<script type=\"application\/ld+json\" class=\"yoast-schema-graph\">{\"@context\":\"https:\/\/schema.org\",\"@graph\":[{\"@type\":\"WebPage\",\"@id\":\"https:\/\/reset.org\/podcast\/\",\"url\":\"https:\/\/reset.org\/podcast\/\",\"name\":\"Podcast &#8211; Digital for Good | RESET.ORG\",\"isPartOf\":{\"@id\":\"https:\/\/reset.org\/#website\"},\"primaryImageOfPage\":{\"@id\":\"https:\/\/reset.org\/podcast\/#primaryimage\"},\"image\":{\"@id\":\"https:\/\/reset.org\/podcast\/#primaryimage\"},\"thumbnailUrl\":\"https:\/\/reset.org\/app\/uploads\/2022\/11\/210421_Reset_Podcast_Logo_1400x1400.jpg\",\"datePublished\":\"2021-09-21T13:17:24+00:00\",\"dateModified\":\"2025-11-12T11:58:02+00:00\",\"breadcrumb\":{\"@id\":\"https:\/\/reset.org\/podcast\/#breadcrumb\"},\"inLanguage\":\"de-DE\",\"potentialAction\":[{\"@type\":\"ReadAction\",\"target\":[\"https:\/\/reset.org\/podcast\/\"]}]},{\"@type\":\"ImageObject\",\"inLanguage\":\"de-DE\",\"@id\":\"https:\/\/reset.org\/podcast\/#primaryimage\",\"url\":\"https:\/\/reset.org\/app\/uploads\/2022\/11\/210421_Reset_Podcast_Logo_1400x1400.jpg\",\"contentUrl\":\"https:\/\/reset.org\/app\/uploads\/2022\/11\/210421_Reset_Podcast_Logo_1400x1400.jpg\",\"width\":1400,\"height\":1400},{\"@type\":\"BreadcrumbList\",\"@id\":\"https:\/\/reset.org\/podcast\/#breadcrumb\",\"itemListElement\":[{\"@type\":\"ListItem\",\"position\":1,\"name\":\"Home\",\"item\":\"https:\/\/reset.org\/\"},{\"@type\":\"ListItem\",\"position\":2,\"name\":\"Podcast\"}]},{\"@type\":\"WebSite\",\"@id\":\"https:\/\/reset.org\/#website\",\"url\":\"https:\/\/reset.org\/\",\"name\":\"Digital for Good | RESET.ORG\",\"description\":\"Digitalisierung und Nachhaltigkeit zusammen denken!\",\"publisher\":{\"@id\":\"https:\/\/reset.org\/#organization\"},\"potentialAction\":[{\"@type\":\"SearchAction\",\"target\":{\"@type\":\"EntryPoint\",\"urlTemplate\":\"https:\/\/reset.org\/?s={search_term_string}\"},\"query-input\":{\"@type\":\"PropertyValueSpecification\",\"valueRequired\":true,\"valueName\":\"search_term_string\"}}],\"inLanguage\":\"de-DE\"},{\"@type\":\"Organization\",\"@id\":\"https:\/\/reset.org\/#organization\",\"name\":\"RESET - Digital for Good\",\"url\":\"https:\/\/reset.org\/\",\"logo\":{\"@type\":\"ImageObject\",\"inLanguage\":\"de-DE\",\"@id\":\"https:\/\/reset.org\/#\/schema\/logo\/image\/\",\"url\":\"https:\/\/reset.org\/app\/uploads\/2021\/11\/RESET-2.svg\",\"contentUrl\":\"https:\/\/reset.org\/app\/uploads\/2021\/11\/RESET-2.svg\",\"width\":100,\"height\":100,\"caption\":\"RESET - Digital for Good\"},\"image\":{\"@id\":\"https:\/\/reset.org\/#\/schema\/logo\/image\/\"},\"sameAs\":[\"https:\/\/www.facebook.com\/reset.org\",\"https:\/\/x.com\/RESET_org\",\"https:\/\/www.instagram.com\/reset_org\/\",\"https:\/\/www.linkedin.com\/company\/reset\/\"]}]}<\/script>\n<!-- \/ Yoast SEO Premium plugin. -->","yoast_head_json":{"title":"Podcast &#8211; Digital for Good | RESET.ORG","robots":{"index":"index","follow":"follow","max-snippet":"max-snippet:-1","max-image-preview":"max-image-preview:large","max-video-preview":"max-video-preview:-1"},"canonical":"https:\/\/reset.org\/podcast\/","og_locale":"de_DE","og_type":"article","og_title":"Podcast","og_description":"#11: Raus aus dem Klimakrisenmodus: Wie konstruktiver Journalismus neue Handlungsr\u00e4ume er\u00f6ffnet Ist es schon Aktivismus, wenn Journalist:innen \u00fcber L\u00f6sungen schreiben? In Folge #11 von RESET Radio geht es um die Ethik des Umweltjournalismus \u2013 und dar\u00fcber, wie konstruktiver Journalismus neue Handlungsr\u00e4ume er\u00f6ffnen kann. Indra Jungblut (Redaktionsleiterin bei RESET) spricht mit Felix Austen von Perspective Daily","og_url":"https:\/\/reset.org\/podcast\/","og_site_name":"Digital for Good | RESET.ORG","article_publisher":"https:\/\/www.facebook.com\/reset.org","article_modified_time":"2025-11-12T11:58:02+00:00","og_image":[{"width":1400,"height":1400,"url":"https:\/\/reset.org\/app\/uploads\/2022\/11\/210421_Reset_Podcast_Logo_1400x1400.jpg","type":"image\/jpeg"}],"twitter_card":"summary_large_image","twitter_site":"@RESET_org","twitter_misc":{"Gesch\u00e4tzte Lesezeit":"7 Minuten"},"schema":{"@context":"https:\/\/schema.org","@graph":[{"@type":"WebPage","@id":"https:\/\/reset.org\/podcast\/","url":"https:\/\/reset.org\/podcast\/","name":"Podcast &#8211; Digital for Good | RESET.ORG","isPartOf":{"@id":"https:\/\/reset.org\/#website"},"primaryImageOfPage":{"@id":"https:\/\/reset.org\/podcast\/#primaryimage"},"image":{"@id":"https:\/\/reset.org\/podcast\/#primaryimage"},"thumbnailUrl":"https:\/\/reset.org\/app\/uploads\/2022\/11\/210421_Reset_Podcast_Logo_1400x1400.jpg","datePublished":"2021-09-21T13:17:24+00:00","dateModified":"2025-11-12T11:58:02+00:00","breadcrumb":{"@id":"https:\/\/reset.org\/podcast\/#breadcrumb"},"inLanguage":"de-DE","potentialAction":[{"@type":"ReadAction","target":["https:\/\/reset.org\/podcast\/"]}]},{"@type":"ImageObject","inLanguage":"de-DE","@id":"https:\/\/reset.org\/podcast\/#primaryimage","url":"https:\/\/reset.org\/app\/uploads\/2022\/11\/210421_Reset_Podcast_Logo_1400x1400.jpg","contentUrl":"https:\/\/reset.org\/app\/uploads\/2022\/11\/210421_Reset_Podcast_Logo_1400x1400.jpg","width":1400,"height":1400},{"@type":"BreadcrumbList","@id":"https:\/\/reset.org\/podcast\/#breadcrumb","itemListElement":[{"@type":"ListItem","position":1,"name":"Home","item":"https:\/\/reset.org\/"},{"@type":"ListItem","position":2,"name":"Podcast"}]},{"@type":"WebSite","@id":"https:\/\/reset.org\/#website","url":"https:\/\/reset.org\/","name":"Digital for Good | RESET.ORG","description":"Digitalisierung und Nachhaltigkeit zusammen denken!","publisher":{"@id":"https:\/\/reset.org\/#organization"},"potentialAction":[{"@type":"SearchAction","target":{"@type":"EntryPoint","urlTemplate":"https:\/\/reset.org\/?s={search_term_string}"},"query-input":{"@type":"PropertyValueSpecification","valueRequired":true,"valueName":"search_term_string"}}],"inLanguage":"de-DE"},{"@type":"Organization","@id":"https:\/\/reset.org\/#organization","name":"RESET - Digital for Good","url":"https:\/\/reset.org\/","logo":{"@type":"ImageObject","inLanguage":"de-DE","@id":"https:\/\/reset.org\/#\/schema\/logo\/image\/","url":"https:\/\/reset.org\/app\/uploads\/2021\/11\/RESET-2.svg","contentUrl":"https:\/\/reset.org\/app\/uploads\/2021\/11\/RESET-2.svg","width":100,"height":100,"caption":"RESET - Digital for Good"},"image":{"@id":"https:\/\/reset.org\/#\/schema\/logo\/image\/"},"sameAs":["https:\/\/www.facebook.com\/reset.org","https:\/\/x.com\/RESET_org","https:\/\/www.instagram.com\/reset_org\/","https:\/\/www.linkedin.com\/company\/reset\/"]}]}},"_links":{"self":[{"href":"https:\/\/reset.org\/wp-json\/wp\/v2\/pages\/92282","targetHints":{"allow":["GET"]}}],"collection":[{"href":"https:\/\/reset.org\/wp-json\/wp\/v2\/pages"}],"about":[{"href":"https:\/\/reset.org\/wp-json\/wp\/v2\/types\/page"}],"author":[{"embeddable":true,"href":"https:\/\/reset.org\/wp-json\/wp\/v2\/users\/1"}],"replies":[{"embeddable":true,"href":"https:\/\/reset.org\/wp-json\/wp\/v2\/comments?post=92282"}],"version-history":[{"count":13,"href":"https:\/\/reset.org\/wp-json\/wp\/v2\/pages\/92282\/revisions"}],"predecessor-version":[{"id":118842,"href":"https:\/\/reset.org\/wp-json\/wp\/v2\/pages\/92282\/revisions\/118842"}],"wp:featuredmedia":[{"embeddable":true,"href":"https:\/\/reset.org\/wp-json\/wp\/v2\/media\/105653"}],"wp:attachment":[{"href":"https:\/\/reset.org\/wp-json\/wp\/v2\/media?parent=92282"}],"wp:term":[{"taxonomy":"custom_tags","embeddable":true,"href":"https:\/\/reset.org\/wp-json\/wp\/v2\/custom_tags?post=92282"}],"curies":[{"name":"wp","href":"https:\/\/api.w.org\/{rel}","templated":true}]}}