{"id":120,"date":"2014-07-07T21:57:19","date_gmt":"2014-07-07T20:57:19","guid":{"rendered":"http:\/\/localhost\/Paductionv10.6\/?page_id=120"},"modified":"2023-05-31T16:40:34","modified_gmt":"2023-05-31T14:40:34","slug":"a-propos","status":"publish","type":"page","link":"https:\/\/pad.how\/a-propos","title":{"rendered":"A propos"},"content":{"rendered":"\n<h2 class=\"wp-block-heading\">Qui suis-je :<\/h2>\n\n\n\n<p>Je suis Paduction, 40 ans, papa, passionn\u00e9\u00a0depuis ma tendre enfance par tout ce qui entoure la technologie et plus particuli\u00e8rement les jeux vid\u00e9o. J&rsquo;en ai fait mon m\u00e9tier, puisque d&rsquo;apr\u00e8s mes d\u00eeplomes, je suis infographiste 2D\/3D, j&rsquo;ai travaill\u00e9 plusieurs ann\u00e9es\u00a0\u00e0 Lyon au sein du Studio <strong>Eden Games<\/strong> sur des jeux comme <a href=\"https:\/\/fr.wikipedia.org\/wiki\/Alone_in_the_Dark_(jeu_vid%C3%A9o,_2008)\">Alone In The Dark <\/a>ou encore <a href=\"https:\/\/fr.wikipedia.org\/wiki\/Test_Drive_Unlimited\">Test Drive Unlimited<\/a> pour le compte d&rsquo;<a href=\"https:\/\/fr.wikipedia.org\/wiki\/Atari\">Atari<\/a>. Pendant 15 ans, par passion une fois de plus, je suis devenu d\u00e9veloppeur Software &amp; Web sous technologie Electron\/Angular\/NodeJS &amp; C#.Net. Depuis d\u00e9but 2022, je suis UI\/UX Designer au sein d&rsquo;un groupe \u00e9quipementier automobile.<\/p>\n\n\n\n<p><strong>Pad.how <\/strong>(anciennement <strong>Paduction.com<\/strong>) est mon b\u00e9b\u00e9 depuis plus de 25 ans, j&rsquo;y fais \u00e0 la fois le d\u00e9veloppement, le design et le contenu \u00e9videmment.<\/p>\n\n\n\n<figure class=\"wp-block-image alignwide size-large\"><img data-recalc-dims=\"1\" loading=\"lazy\" decoding=\"async\" width=\"740\" height=\"160\" src=\"https:\/\/i0.wp.com\/pad.how\/wp-content\/uploads\/2014\/07\/IMG_1271.jpg?resize=740%2C160&#038;ssl=1\" alt=\"\" class=\"wp-image-49621\" srcset=\"https:\/\/i0.wp.com\/pad.how\/wp-content\/uploads\/2014\/07\/IMG_1271-scaled.jpg?resize=1024%2C221&amp;ssl=1 1024w, https:\/\/i0.wp.com\/pad.how\/wp-content\/uploads\/2014\/07\/IMG_1271-scaled.jpg?resize=300%2C65&amp;ssl=1 300w, https:\/\/i0.wp.com\/pad.how\/wp-content\/uploads\/2014\/07\/IMG_1271-scaled.jpg?resize=768%2C166&amp;ssl=1 768w, https:\/\/i0.wp.com\/pad.how\/wp-content\/uploads\/2014\/07\/IMG_1271-scaled.jpg?resize=624%2C135&amp;ssl=1 624w, https:\/\/i0.wp.com\/pad.how\/wp-content\/uploads\/2014\/07\/IMG_1271-scaled.jpg?resize=1100%2C238&amp;ssl=1 1100w, https:\/\/i0.wp.com\/pad.how\/wp-content\/uploads\/2014\/07\/IMG_1271-scaled.jpg?resize=1920%2C415&amp;ssl=1 1920w, https:\/\/i0.wp.com\/pad.how\/wp-content\/uploads\/2014\/07\/IMG_1271-scaled.jpg?resize=400%2C86&amp;ssl=1 400w, https:\/\/i0.wp.com\/pad.how\/wp-content\/uploads\/2014\/07\/IMG_1271-scaled.jpg?resize=203%2C44&amp;ssl=1 203w, https:\/\/i0.wp.com\/pad.how\/wp-content\/uploads\/2014\/07\/IMG_1271-scaled.jpg?w=1480&amp;ssl=1 1480w, https:\/\/i0.wp.com\/pad.how\/wp-content\/uploads\/2014\/07\/IMG_1271-scaled.jpg?w=2220&amp;ssl=1 2220w\" sizes=\"auto, (max-width: 706px) 89vw, (max-width: 767px) 82vw, 740px\" \/><figcaption class=\"wp-element-caption\">Trois paduc&rsquo; se cachent dans cette image, seras-tu les retrouver ?<\/figcaption><\/figure>\n\n\n\n<h2 class=\"wp-block-heading\">Ce que j&rsquo;aime :<\/h2>\n\n\n\n<ul class=\"wp-block-list\">\n<li>Les jeux vid\u00e9o (s\u00e9rieux ?) et encore plus avec des amis<\/li>\n\n\n\n<li>L&rsquo;humour, surtout quand il n&rsquo;est pas dr\u00f4le<\/li>\n\n\n\n<li>Le design, propre &amp; clair avec un gros penchant pour les produits Apple<\/li>\n\n\n\n<li>La technologie sous toutes ses formes<\/li>\n\n\n\n<li>La photographie<\/li>\n\n\n\n<li>Le bricolage dans tous les domaines possibles<\/li>\n\n\n\n<li>Le sport, et encore plus quand il est connect\u00e9&#8230;<\/li>\n\n\n\n<li>Le vin, la bi\u00e8re, le fromage &amp; la bonne charcuterie<\/li>\n<\/ul>\n\n\n\n<h2 class=\"wp-block-heading\">Ce que je n&rsquo;aime pas :<\/h2>\n\n\n\n<ul class=\"wp-block-list\">\n<li>Les endives cuites<\/li>\n\n\n\n<li>Un bureau mal rang\u00e9<\/li>\n\n\n\n<li>Des c\u00e2bles qui pendent partout<\/li>\n\n\n\n<li>Cars sur PlayStation 2<\/li>\n\n\n\n<li>Le code source de WordPress <\/li>\n<\/ul>\n\n\n\n<h2 class=\"wp-block-heading\">Pad.how, since 1997<\/h2>\n\n\n\n<p>Il est difficile de vous r\u00e9sumer l&rsquo;aventure Paduction.com puis Pad.how sur quelques lignes tellement ce site a fait parti de ma vie (et celle d&rsquo;autres gens&#8230;) tout au long de ces nombreuses ann\u00e9es.<br>C&rsquo;est en 1997 que j&rsquo;affichais fi\u00e8rement ma passion du jeu \u00e0 travers un&nbsp;modeste site de jeux vid\u00e9o cr\u00e9\u00e9 sur un truc tout nouveau: <strong>Internet<\/strong> (modem 28K, abonnement 99 francs\/mois + frais de communication&#8230;). Le site a aujourd&rsquo;hui plus de 25 ans et mes passions restent sensiblement les m\u00eames. Certes mes go\u00fbts ont \u00e9volu\u00e9 ou chang\u00e9 sur certains points mais le plaisir de partager gr\u00e2ce \u00e0 ce fantastique m\u00e9dia qu&rsquo;est internet reste intact.<\/p>\n\n\n\n<p>A travers le temps, j&rsquo;ai&nbsp;toujours voulu faire \u00e9voluer le site, toujours d\u00e9cal\u00e9 mais se rapprochant d&rsquo;une structure professionnelle,&nbsp;c&rsquo;est en cela que <strong>Paduction Radio<\/strong>, la premi\u00e8re \u00e9mission audio de Jeux vid\u00e9o francophone sur internet est n\u00e9e en 2002 puis quelques mois plus tard <strong>Paduction TV<\/strong>, la premi\u00e8re \u00e9mission de TV de jeux vid\u00e9o francophone sur internet, bien avant l&rsquo;existance de Youtube ou Dailymotion.<\/p>\n\n\n\n<p>C&rsquo;est en 2005 que&nbsp;le site fera sa meilleure performance pour se hisser parmi les sites de jeux vid\u00e9o francophone les plus visit\u00e9s en France avec plus de <span style=\"text-decoration: underline;\">10 000 visiteurs uniques par jour<\/span> et pas moins de 8 personnes&nbsp;travaillant sur son contenu.<\/p>\n\n\n\n<p>Aujourd&rsquo;hui, <strong>Pad.how<\/strong> garde le m\u00eame concept qu&rsquo;il y a 25 ans, \u00e0 savoir vous parler de mes passions\/projets pr\u00e9f\u00e9r\u00e9s que ce soit \u00e0 travers un article, une vid\u00e9o ou m\u00eame un Live, le tout dans la meilleure ambiance possible et un accent sudiste assez prononc\u00e9.<\/p>\n\n\n\n<h2 class=\"wp-block-heading\">Jouer avec moi :<\/h2>\n\n\n\n<p>Si l&rsquo;envie de faire une petite partie avec moi vous pla\u00eet, n&rsquo;h\u00e9sitez pas \u00e0 me rajouter \u00e0 vos contacts sur console &amp; PC :<\/p>\n\n\n\n<ul class=\"wp-block-list\">\n<li>Sur <strong>PlayStation 5<\/strong> (SEN ID) : Paduc<\/li>\n\n\n\n<li>Sur <strong>Xbox Series X<\/strong> ou <strong>PC<\/strong> (Gamertag) : Paduction<\/li>\n\n\n\n<li>Sur <strong>Origin<\/strong> : Paduction<\/li>\n\n\n\n<li>Sur <strong>Steam<\/strong> : Paduction<\/li>\n\n\n\n<li>Sur&nbsp;<strong>UPlay<\/strong>&nbsp;: Paduction <\/li>\n<\/ul>\n\n\n\n<h2 class=\"wp-block-heading\">Me contacter :<\/h2>\n\n\n\n<p>J&rsquo;essaye d&rsquo;\u00eatre le plus r\u00e9actif possible \u00e0 vos questions. N&rsquo;h\u00e9sitez pas \u00e0 m&rsquo;\u00e9crire&nbsp;je r\u00e9ponds \u00e0 tout le monde ;)<\/p>\n\n\n\n<ul class=\"wp-block-list\">\n<li>Par <strong>mail<\/strong> : Contact[at]pad.how (remplacer le [at] par @)<\/li>\n\n\n\n<li>Sur <strong>Twitter<\/strong>:&nbsp;<a href=\"http:\/\/www.twitter.com\/paduction\">@Paduction<\/a><\/li>\n\n\n\n<li>Sur <strong>Instagram<\/strong>: <a href=\"http:\/\/instagram.com\/paduction\">@Paduction<\/a><\/li>\n\n\n\n<li>Sur <strong>Youtube<\/strong>: <a href=\"http:\/\/YouTube.com\/paductioncom\">@Paduction<\/a><\/li>\n<\/ul>\n","protected":false},"excerpt":{"rendered":"<p>Qui suis-je : Je suis Paduction, 40 ans, papa, passionn\u00e9\u00a0depuis ma tendre enfance par tout ce qui entoure la technologie [&hellip;]<\/p>\n","protected":false},"author":1,"featured_media":0,"parent":0,"menu_order":0,"comment_status":"closed","ping_status":"closed","template":"page-templates\/full-width.php","meta":{"footnotes":""},"class_list":["post-120","page","type-page","status-publish","hentry"],"jetpack_sharing_enabled":true,"_links":{"self":[{"href":"https:\/\/pad.how\/wp-json\/wp\/v2\/pages\/120","targetHints":{"allow":["GET"]}}],"collection":[{"href":"https:\/\/pad.how\/wp-json\/wp\/v2\/pages"}],"about":[{"href":"https:\/\/pad.how\/wp-json\/wp\/v2\/types\/page"}],"author":[{"embeddable":true,"href":"https:\/\/pad.how\/wp-json\/wp\/v2\/users\/1"}],"replies":[{"embeddable":true,"href":"https:\/\/pad.how\/wp-json\/wp\/v2\/comments?post=120"}],"version-history":[{"count":35,"href":"https:\/\/pad.how\/wp-json\/wp\/v2\/pages\/120\/revisions"}],"predecessor-version":[{"id":70596,"href":"https:\/\/pad.how\/wp-json\/wp\/v2\/pages\/120\/revisions\/70596"}],"wp:attachment":[{"href":"https:\/\/pad.how\/wp-json\/wp\/v2\/media?parent=120"}],"curies":[{"name":"wp","href":"https:\/\/api.w.org\/{rel}","templated":true}]}}