{"id":5427,"date":"2020-04-30T13:40:46","date_gmt":"2020-04-30T11:40:46","guid":{"rendered":"https:\/\/triggerbee.com\/?page_id=5427"},"modified":"2022-07-24T21:34:34","modified_gmt":"2022-07-24T19:34:34","slug":"press","status":"publish","type":"page","link":"https:\/\/triggerbee.com\/sv\/press\/","title":{"rendered":"Press och nyheter"},"content":{"rendered":"\t\t<div data-elementor-type=\"wp-page\" data-elementor-id=\"5427\" class=\"elementor elementor-5427\" data-elementor-post-type=\"page\">\n\t\t\t\t\t\t<section class=\"elementor-section elementor-top-section elementor-element elementor-element-e4f3d09 elementor-section-boxed elementor-section-height-default elementor-section-height-default\" data-id=\"e4f3d09\" data-element_type=\"section\" data-settings=\"{&quot;background_background&quot;:&quot;classic&quot;}\">\n\t\t\t\t\t\t<div class=\"elementor-container elementor-column-gap-default\">\n\t\t\t\t\t<div class=\"elementor-column elementor-col-100 elementor-top-column elementor-element elementor-element-04fb79e\" data-id=\"04fb79e\" data-element_type=\"column\">\n\t\t\t<div class=\"elementor-widget-wrap elementor-element-populated\">\n\t\t\t\t\t\t<section class=\"elementor-section elementor-inner-section elementor-element elementor-element-7161757 elementor-section-boxed elementor-section-height-default elementor-section-height-default\" data-id=\"7161757\" data-element_type=\"section\">\n\t\t\t\t\t\t<div class=\"elementor-container elementor-column-gap-default\">\n\t\t\t\t\t<div class=\"elementor-column elementor-col-50 elementor-inner-column elementor-element elementor-element-2dd2df2\" data-id=\"2dd2df2\" data-element_type=\"column\">\n\t\t\t<div class=\"elementor-widget-wrap elementor-element-populated\">\n\t\t\t\t\t\t<div class=\"elementor-element elementor-element-1b38452 elementor-widget elementor-widget-heading\" data-id=\"1b38452\" data-element_type=\"widget\" data-widget_type=\"heading.default\">\n\t\t\t\t\t<h2 class=\"elementor-heading-title elementor-size-default\">Press och nyheter<\/h2>\t\t\t\t<\/div>\n\t\t\t\t\t<\/div>\n\t\t<\/div>\n\t\t\t\t<div class=\"elementor-column elementor-col-50 elementor-inner-column elementor-element elementor-element-a07203f\" data-id=\"a07203f\" data-element_type=\"column\">\n\t\t\t<div class=\"elementor-widget-wrap elementor-element-populated\">\n\t\t\t\t\t\t<div class=\"elementor-element elementor-element-c50156f elementor-view-stacked elementor-position-left elementor-shape-circle elementor-mobile-position-top elementor-widget elementor-widget-icon-box\" data-id=\"c50156f\" data-element_type=\"widget\" data-widget_type=\"icon-box.default\">\n\t\t\t\t\t\t\t<div class=\"elementor-icon-box-wrapper\">\n\n\t\t\t\t\t\t<div class=\"elementor-icon-box-icon\">\n\t\t\t\t<a href=\"mailto:info@triggerbee.com\" class=\"elementor-icon\" tabindex=\"-1\">\n\t\t\t\t<i aria-hidden=\"true\" class=\"far fa-envelope\"><\/i>\t\t\t\t<\/a>\n\t\t\t<\/div>\n\t\t\t\n\t\t\t\t\t\t<div class=\"elementor-icon-box-content\">\n\n\t\t\t\t\n\t\t\t\t\t\t\t\t\t<p class=\"elementor-icon-box-description\">\n\t\t\t\t\t\t<a href=\"mailto:info@triggerbee.com\">info@triggerbee.com<\/a>\t\t\t\t\t<\/p>\n\t\t\t\t\n\t\t\t<\/div>\n\t\t\t\n\t\t<\/div>\n\t\t\t\t\t\t<\/div>\n\t\t\t\t<div class=\"elementor-element elementor-element-dc6e8d6 elementor-position-left elementor-vertical-align-middle elementor-widget elementor-widget-image-box\" data-id=\"dc6e8d6\" data-element_type=\"widget\" data-widget_type=\"image-box.default\">\n\t\t\t\t\t<div class=\"elementor-image-box-wrapper\"><figure class=\"elementor-image-box-img\"><a href=\"https:\/\/triggerbee.com\/wp-content\/uploads\/tbimages\/2022\/07\/Triggerbee-Press-Pack.zip\" tabindex=\"-1\"><img fetchpriority=\"high\" decoding=\"async\" width=\"1200\" height=\"1200\" src=\"https:\/\/triggerbee.com\/wp-content\/uploads\/tbimages\/2020\/04\/bullet-black-triggerbee.png\" class=\"attachment-full size-full wp-image-5263\" alt=\"Triggerbee Bullet\" srcset=\"https:\/\/triggerbee.com\/wp-content\/uploads\/tbimages\/2020\/04\/bullet-black-triggerbee.png 1200w, https:\/\/triggerbee.com\/wp-content\/uploads\/tbimages\/2020\/04\/bullet-black-triggerbee-300x300.png 300w, https:\/\/triggerbee.com\/wp-content\/uploads\/tbimages\/2020\/04\/bullet-black-triggerbee-1024x1024.png 1024w, https:\/\/triggerbee.com\/wp-content\/uploads\/tbimages\/2020\/04\/bullet-black-triggerbee-150x150.png 150w, https:\/\/triggerbee.com\/wp-content\/uploads\/tbimages\/2020\/04\/bullet-black-triggerbee-768x768.png 768w\" sizes=\"(max-width: 1200px) 100vw, 1200px\" \/><\/a><\/figure><div class=\"elementor-image-box-content\"><p class=\"elementor-image-box-description\"><a href=\"https:\/\/triggerbee.com\/wp-content\/uploads\/tbimages\/2022\/07\/Triggerbee-Press-Pack.zip\">Ladda hem presskit <img decoding=\"async\" src=\"https:\/\/triggerbee.com\/wp-content\/uploads\/tbimages\/2020\/04\/download-iconAsset-1-.svg\" width=\"30px\" style=\"float:right;margin-right:30px;\" alt=\"\"><\/a><\/p><\/div><\/div>\t\t\t\t<\/div>\n\t\t\t\t\t<\/div>\n\t\t<\/div>\n\t\t\t\t\t<\/div>\n\t\t<\/section>\n\t\t\t\t\t<\/div>\n\t\t<\/div>\n\t\t\t\t\t<\/div>\n\t\t<\/section>\n\t\t\t\t<section class=\"elementor-section elementor-top-section elementor-element elementor-element-b451d29 elementor-section-boxed elementor-section-height-default elementor-section-height-default\" data-id=\"b451d29\" data-element_type=\"section\">\n\t\t\t\t\t\t<div class=\"elementor-container elementor-column-gap-default\">\n\t\t\t\t\t<div class=\"elementor-column elementor-col-100 elementor-top-column elementor-element elementor-element-a25123c\" data-id=\"a25123c\" data-element_type=\"column\">\n\t\t\t<div class=\"elementor-widget-wrap elementor-element-populated\">\n\t\t\t\t\t\t<div class=\"elementor-element elementor-element-edfaaee elementor-posts--thumbnail-none elementor-posts__hover-none elementor-grid-3 elementor-grid-tablet-2 elementor-grid-mobile-1 elementor-widget elementor-widget-posts\" data-id=\"edfaaee\" data-element_type=\"widget\" data-settings=\"{&quot;cards_columns&quot;:&quot;3&quot;,&quot;cards_columns_tablet&quot;:&quot;2&quot;,&quot;cards_columns_mobile&quot;:&quot;1&quot;,&quot;cards_row_gap&quot;:{&quot;unit&quot;:&quot;px&quot;,&quot;size&quot;:35,&quot;sizes&quot;:[]},&quot;cards_row_gap_tablet&quot;:{&quot;unit&quot;:&quot;px&quot;,&quot;size&quot;:&quot;&quot;,&quot;sizes&quot;:[]},&quot;cards_row_gap_mobile&quot;:{&quot;unit&quot;:&quot;px&quot;,&quot;size&quot;:&quot;&quot;,&quot;sizes&quot;:[]}}\" data-widget_type=\"posts.cards\">\n\t\t\t\t<div class=\"elementor-widget-container\">\n\t\t\t\t\t\t\t<div class=\"elementor-posts-container elementor-posts elementor-posts--skin-cards elementor-grid\" role=\"list\">\n\t\t\t\t<article class=\"elementor-post elementor-grid-item post-6167 post type-post status-publish format-standard hentry category-uppdateringar\" role=\"listitem\">\n\t\t\t<div class=\"elementor-post__card\">\n\t\t\t\t<div class=\"elementor-post__text\">\n\t\t\t\t<h3 class=\"elementor-post__title\">\n\t\t\t<a href=\"https:\/\/triggerbee.com\/sv\/blogg\/uppdatering-17-juni\/\">\n\t\t\t\tProduktuppdatering 17 Juni: Profilf\u00e4rger, navigering och dashboard\t\t\t<\/a>\n\t\t<\/h3>\n\t\t\t\t<div class=\"elementor-post__excerpt\">\n\t\t\t<p>Idag introducerar vi en uppdatering med n\u00e5gra st\u00f6rre f\u00f6rb\u00e4ttringar och uppdateringar f\u00f6r att g\u00f6ra arbetsfl\u00f6det enklare och mer effektivt f\u00f6r dig som anv\u00e4ndare. Dennna uppdatering<\/p>\n\t\t<\/div>\n\t\t\t\t<\/div>\n\t\t\t\t\t<\/div>\n\t\t<\/article>\n\t\t\t\t<article class=\"elementor-post elementor-grid-item post-5498 post type-post status-publish format-standard has-post-thumbnail hentry category-nyheter-fran-triggerbee\" role=\"listitem\">\n\t\t\t<div class=\"elementor-post__card\">\n\t\t\t\t<div class=\"elementor-post__text\">\n\t\t\t\t<h3 class=\"elementor-post__title\">\n\t\t\t<a href=\"https:\/\/triggerbee.com\/sv\/press\/triggerbee-tilldelas-miljonbelopp\/\">\n\t\t\t\tTriggerbee vinner 1,2 miljoner fr\u00e5n Vinnova f\u00f6r innovativ GDPR-l\u00f6sning\t\t\t<\/a>\n\t\t<\/h3>\n\t\t\t\t<div class=\"elementor-post__excerpt\">\n\t\t\t<p>Triggerbee bel\u00f6nas nu f\u00f6r innovativ GDPR-l\u00f6sning till f\u00f6retag. Det Stockholmsbaserade f\u00f6retaget har som aff\u00e4rsid\u00e9 att hj\u00e4lpa f\u00f6retag att f\u00f6rst\u00e5 hur bes\u00f6kare anv\u00e4nder webbplatsen och utifr\u00e5n<\/p>\n\t\t<\/div>\n\t\t\t\t<\/div>\n\t\t\t\t\t<\/div>\n\t\t<\/article>\n\t\t\t\t<article class=\"elementor-post elementor-grid-item post-2530 post type-post status-publish format-standard has-post-thumbnail hentry category-nyheter-fran-triggerbee\" role=\"listitem\">\n\t\t\t<div class=\"elementor-post__card\">\n\t\t\t\t<div class=\"elementor-post__text\">\n\t\t\t\t<h3 class=\"elementor-post__title\">\n\t\t\t<a href=\"https:\/\/triggerbee.com\/sv\/blogg\/podcast-stjarnsaljarpodden-jacob-sjonander\/\">\n\t\t\t\t[Podcast] Stj\u00e4rns\u00e4ljarpodden &#8211; Jacob Sj\u00f6nander\t\t\t<\/a>\n\t\t<\/h3>\n\t\t\t\t<div class=\"elementor-post__excerpt\">\n\t\t\t<p>F\u00f6r bara n\u00e5gra \u00e5r sedan var telefonen det viktigaste verktyget en duktig s\u00e4ljare kunde ha.\u00a0 Men nu? Internet blir allt viktigare i samh\u00e4llet och din<\/p>\n\t\t<\/div>\n\t\t\t\t<\/div>\n\t\t\t\t\t<\/div>\n\t\t<\/article>\n\t\t\t\t<article class=\"elementor-post elementor-grid-item post-2551 post type-post status-publish format-standard has-post-thumbnail hentry category-nyheter-fran-triggerbee\" role=\"listitem\">\n\t\t\t<div class=\"elementor-post__card\">\n\t\t\t\t<div class=\"elementor-post__text\">\n\t\t\t\t<h3 class=\"elementor-post__title\">\n\t\t\t<a href=\"https:\/\/triggerbee.com\/sv\/blogg\/triggerbees-egen-saljstack\/\">\n\t\t\t\tTriggerbees egen s\u00e4ljstack\t\t\t<\/a>\n\t\t<\/h3>\n\t\t\t\t<div class=\"elementor-post__excerpt\">\n\t\t\t<p>En modern s\u00e4ljstack m\u00f6jligg\u00f6r f\u00f6r marknad och s\u00e4lj att jobba tillsammans, mot gemensamma m\u00e5l. 2016 f\u00f6rutsp\u00e5s bli&nbsp;Year of the Sale Stack&nbsp;av Techcrunch. I v\u00e5r tidigare<\/p>\n\t\t<\/div>\n\t\t\t\t<\/div>\n\t\t\t\t\t<\/div>\n\t\t<\/article>\n\t\t\t\t<\/div>\n\t\t\n\t\t\t\t\t\t<\/div>\n\t\t\t\t<\/div>\n\t\t\t\t\t<\/div>\n\t\t<\/div>\n\t\t\t\t\t<\/div>\n\t\t<\/section>\n\t\t\t\t<\/div>\n\t\t","protected":false},"excerpt":{"rendered":"<p>Press och nyheter info@triggerbee.com Ladda hem presskit<\/p>\n","protected":false},"author":6,"featured_media":0,"parent":0,"menu_order":0,"comment_status":"closed","ping_status":"closed","template":"","meta":{"_acf_changed":false,"site-sidebar-layout":"no-sidebar","site-content-layout":"page-builder","ast-site-content-layout":"default","site-content-style":"default","site-sidebar-style":"default","ast-global-header-display":"","ast-banner-title-visibility":"","ast-main-header-display":"","ast-hfb-above-header-display":"","ast-hfb-below-header-display":"","ast-hfb-mobile-header-display":"","site-post-title":"disabled","ast-breadcrumbs-content":"","ast-featured-img":"disabled","footer-sml-layout":"","ast-disable-related-posts":"","theme-transparent-header-meta":"default","adv-header-id-meta":"","stick-header-meta":"","header-above-stick-meta":"","header-main-stick-meta":"","header-below-stick-meta":"","astra-migrate-meta-layouts":"default","ast-page-background-enabled":"default","ast-page-background-meta":{"desktop":{"background-color":"","background-image":"","background-repeat":"repeat","background-position":"center center","background-size":"auto","background-attachment":"scroll","background-type":"","background-media":"","overlay-type":"","overlay-color":"","overlay-opacity":"","overlay-gradient":""},"tablet":{"background-color":"","background-image":"","background-repeat":"repeat","background-position":"center center","background-size":"auto","background-attachment":"scroll","background-type":"","background-media":"","overlay-type":"","overlay-color":"","overlay-opacity":"","overlay-gradient":""},"mobile":{"background-color":"","background-image":"","background-repeat":"repeat","background-position":"center center","background-size":"auto","background-attachment":"scroll","background-type":"","background-media":"","overlay-type":"","overlay-color":"","overlay-opacity":"","overlay-gradient":""}},"ast-content-background-meta":{"desktop":{"background-color":"var(--ast-global-color-5)","background-image":"","background-repeat":"repeat","background-position":"center center","background-size":"auto","background-attachment":"scroll","background-type":"","background-media":"","overlay-type":"","overlay-color":"","overlay-opacity":"","overlay-gradient":""},"tablet":{"background-color":"var(--ast-global-color-5)","background-image":"","background-repeat":"repeat","background-position":"center center","background-size":"auto","background-attachment":"scroll","background-type":"","background-media":"","overlay-type":"","overlay-color":"","overlay-opacity":"","overlay-gradient":""},"mobile":{"background-color":"var(--ast-global-color-5)","background-image":"","background-repeat":"repeat","background-position":"center center","background-size":"auto","background-attachment":"scroll","background-type":"","background-media":"","overlay-type":"","overlay-color":"","overlay-opacity":"","overlay-gradient":""}},"footnotes":""},"wf_page_folders":[26],"class_list":["post-5427","page","type-page","status-publish","hentry"],"acf":[],"best_layout":null,"show_on_these_pages":null,"audience_targeting_1":null,"affected_kpis":null,"audience_targeting_2":null,"combined_logos":null,"integration_type":null,"category":null,"integration_type_select":null,"_links":{"self":[{"href":"https:\/\/triggerbee.com\/wp-json\/wp\/v2\/pages\/5427","targetHints":{"allow":["GET"]}}],"collection":[{"href":"https:\/\/triggerbee.com\/wp-json\/wp\/v2\/pages"}],"about":[{"href":"https:\/\/triggerbee.com\/wp-json\/wp\/v2\/types\/page"}],"author":[{"embeddable":true,"href":"https:\/\/triggerbee.com\/wp-json\/wp\/v2\/users\/6"}],"replies":[{"embeddable":true,"href":"https:\/\/triggerbee.com\/wp-json\/wp\/v2\/comments?post=5427"}],"version-history":[{"count":0,"href":"https:\/\/triggerbee.com\/wp-json\/wp\/v2\/pages\/5427\/revisions"}],"wp:attachment":[{"href":"https:\/\/triggerbee.com\/wp-json\/wp\/v2\/media?parent=5427"}],"wp:term":[{"taxonomy":"wf_page_folders","embeddable":true,"href":"https:\/\/triggerbee.com\/wp-json\/wp\/v2\/wf_page_folders?post=5427"}],"curies":[{"name":"wp","href":"https:\/\/api.w.org\/{rel}","templated":true}]}}