{"id":8,"date":"2025-02-18T14:47:50","date_gmt":"2025-02-18T14:47:50","guid":{"rendered":"http:\/\/speak-out.local\/?page_id=8"},"modified":"2025-10-03T16:47:35","modified_gmt":"2025-10-03T14:47:35","slug":"homepage","status":"publish","type":"page","link":"https:\/\/mera25.se\/","title":{"rendered":"Home"},"content":{"rendered":"\n<div class=\"wp-block-columns is-layout-flex wp-container-core-columns-is-layout-9d6595d7 wp-block-columns-is-layout-flex\">\n<div class=\"wp-block-column is-layout-flow wp-block-column-is-layout-flow\">\n<div class=\"wp-block-cover\" style=\"min-height:65vh;aspect-ratio:unset;\"><img loading=\"lazy\" decoding=\"async\" width=\"1500\" height=\"729\" class=\"wp-block-cover__image-background wp-image-204 size-full\" alt=\"\" src=\"https:\/\/mera25.se\/wp-content\/uploads\/2025\/06\/Mera25de_web_header.webp\" data-object-fit=\"cover\"\/><span aria-hidden=\"true\" class=\"wp-block-cover__background has-red-background-color has-background-dim-80 has-background-dim\"><\/span><div class=\"wp-block-cover__inner-container is-layout-flow wp-block-cover-is-layout-flow\">\n<div class=\"wp-block-columns inner is-layout-flex wp-container-core-columns-is-layout-9d6595d7 wp-block-columns-is-layout-flex\">\n<div class=\"wp-block-column is-layout-flow wp-block-column-is-layout-flow\">\n<h1 class=\"wp-block-heading has-text-align-left mb-10\" style=\"font-size:68px\"><strong>Vi tror p\u00e5 ett Sverige f\u00f6r alla. Inte f\u00f6r de f\u00e5.<\/strong><\/h1>\n\n\n\n<p class=\"has-medium-font-size\">Vi vill skapa ett Sverige d\u00e4r makten tillh\u00f6r folket, inte marknaderna eller de rikaste. D\u00e4r demokrati, social r\u00e4ttvisa och h\u00e5llbarhet genomsyrar samh\u00e4llet, arbetsplatserna och ekonomin. Tillsammans bygger vi en framtid som \u00e4r fri och radikal p\u00e5 riktigt.<\/p>\n\n\n\n<div class=\"wp-block-buttons is-layout-flex wp-block-buttons-is-layout-flex\">\n<div class=\"wp-block-button is-style-cream-red-button\"><a class=\"wp-block-button__link wp-element-button\" href=\"https:\/\/internal.diem25.org\/sv\/mera25\/se_signup\" target=\"_blank\" rel=\"noreferrer noopener\">Bli medlem<\/a><\/div>\n\n\n\n<div class=\"wp-block-button is-style-fill\"><a class=\"wp-block-button__link wp-element-button\" href=\"https:\/\/app.swish.nu\/1\/p\/sw\/?sw=1230101774&amp;amt=250&amp;cur=SEK&amp;msg=Donation&amp;edit=amt,msg&amp;src=qr\" target=\"_blank\" rel=\"noreferrer noopener\">\u270a St\u00f6d r\u00f6relsen<\/a><\/div>\n\n\n\n<div class=\"wp-block-button is-style-fill\"><a class=\"wp-block-button__link wp-element-button\" href=\"https:\/\/mera25.se\/our-vision\/\">\ud83d\udcc4 Utforska programmet<\/a><\/div>\n<\/div>\n<\/div>\n<\/div>\n<\/div><\/div>\n<\/div>\n<\/div>\n\n\n\n<div class=\"wp-block-group has-purple-background-color has-background\"><div class=\"wp-block-group__inner-container is-layout-constrained wp-block-group-is-layout-constrained\">\n<div class=\"wp-block-columns inner is-layout-flex wp-container-core-columns-is-layout-9d6595d7 wp-block-columns-is-layout-flex\">\n<div class=\"wp-block-column is-vertically-aligned-center is-layout-flow wp-block-column-is-layout-flow\">\n<h1 class=\"wp-block-heading has-text-align-center has-large-font-size\">N\u00e4r makten samlas hos de rikaste och planeten st\u00e5r p\u00e5 spel \u2013 vem st\u00e5r p\u00e5 folkets sida? Vi vill skapa ett demokratiskt, r\u00e4ttvist och h\u00e5llbart Sverige \u2013 f\u00f6r alla.<\/h1>\n<\/div>\n<\/div>\n<\/div><\/div>\n\n\n\n<div class=\"wp-block-group\"><div class=\"wp-block-group__inner-container is-layout-constrained wp-block-group-is-layout-constrained\">\n<div class=\"wp-block-columns is-layout-flex wp-container-core-columns-is-layout-9d6595d7 wp-block-columns-is-layout-flex\">\n<div class=\"wp-block-column justify-content-center has-cream-background-color has-background is-layout-flow wp-block-column-is-layout-flow\" style=\"flex-basis:60%\">\n<div class=\"wp-block-group inner-box\"><div class=\"wp-block-group__inner-container is-layout-constrained wp-block-group-is-layout-constrained\">\n<h2 class=\"wp-block-heading mb-0 has-red-color has-text-color has-link-color wp-elements-45fc7b99724524b3cd3810f01f51488a\" style=\"font-size:42px\"><strong>med \u00f6ver<\/strong><\/h2>\n\n\n\n<h1 class=\"wp-block-heading has-text-align-center mb-0 has-red-color has-text-color has-link-color wp-elements-fa1a471b27c791d46b6eea1b7dafdc66\" style=\"font-size:150px\"><strong>169.000<\/strong><\/h1>\n\n\n\n<h3 class=\"wp-block-heading has-text-align-right has-red-color has-text-color has-link-color wp-elements-ba6bcff6ab7b2e2925c778dd77ec8a19\" style=\"font-size:25px\"><strong>DiEM25 medlemmar i hela Europa,&nbsp;<\/strong><br><strong>varav \u00f6ver 1000 i Sverige<\/strong><\/h3>\n<\/div><\/div>\n<\/div>\n\n\n\n<div class=\"wp-block-column is-vertically-aligned-stretch justify-content-center has-red-background-color has-background is-layout-flow wp-block-column-is-layout-flow\" style=\"flex-basis:40%\">\n<div class=\"wp-block-group inner-box\"><div class=\"wp-block-group__inner-container is-layout-constrained wp-block-group-is-layout-constrained\">\n<h2 class=\"wp-block-heading has-text-align-left has-large-font-size\"><strong>Ett parti byggt av folket \u2013 \u00f6ver hela Sverige och Europa<\/strong><\/h2>\n\n\n\n<p class=\"has-text-align-left has-medium-font-size\">MERA25 styrs inte fr\u00e5n toppen. Vi \u00e4r en gr\u00e4srotsr\u00f6relse d\u00e4r medlemmarna best\u00e4mmer, agerar och f\u00f6r\u00e4ndrar. Akademiker, arbetare, aktivister \u2013 vi st\u00e5r tillsammans mot oj\u00e4mlikhet, marknadsmakt och klimatkris.<\/p>\n\n\n\n<div class=\"wp-block-buttons is-content-justification-left is-layout-flex wp-container-core-buttons-is-layout-fdcfc74e wp-block-buttons-is-layout-flex\">\n<div class=\"wp-block-button is-style-cream-red-button\"><a class=\"wp-block-button__link wp-element-button\" href=\"https:\/\/internal.diem25.org\/sv\/mera25\/se_signup\" target=\"_blank\" rel=\"noreferrer noopener\">G\u00e5 med och p\u00e5verka<\/a><\/div>\n<\/div>\n<\/div><\/div>\n<\/div>\n<\/div>\n<\/div><\/div>\n\n\n\n<hr class=\"wp-block-separator has-text-color has-red-color has-alpha-channel-opacity has-red-background-color has-background is-style-wide\"\/>\n\n\n\n<div class=\"wp-block-group has-cream-background-color has-background\"><div class=\"wp-block-group__inner-container is-layout-constrained wp-block-group-is-layout-constrained\">\n<div class=\"wp-block-group inner\"><div class=\"wp-block-group__inner-container is-layout-constrained wp-block-group-is-layout-constrained\">\n<div class=\"wp-block-columns is-layout-flex wp-container-core-columns-is-layout-9d6595d7 wp-block-columns-is-layout-flex\">\n<div class=\"wp-block-column has-cream-background-color has-background is-layout-flow wp-block-column-is-layout-flow\">\n<h1 class=\"wp-block-heading has-text-align-center mb-0 has-red-color has-text-color has-link-color has-x-large-font-size wp-elements-ecb86521866ed14cebda59129e409911\">Demokrati, milj\u00f6 och fred \u2013 v\u00e5rt program f\u00f6r\u00e4ndrar Sverige.<\/h1>\n<\/div>\n<\/div>\n\n\n\n<div style=\"height:60px\" aria-hidden=\"true\" class=\"wp-block-spacer\"><\/div>\n\n\n\n<div class=\"wp-block-columns gap-50 is-layout-flex wp-container-core-columns-is-layout-9d6595d7 wp-block-columns-is-layout-flex\">\n<div class=\"wp-block-column is-layout-flow wp-block-column-is-layout-flow\">\n<div class=\"wp-block-columns gap-40 is-layout-flex wp-container-core-columns-is-layout-9d6595d7 wp-block-columns-is-layout-flex\">\n<div class=\"wp-block-column is-layout-flow wp-block-column-is-layout-flow\" style=\"flex-basis:33.33%\">\n<figure class=\"wp-block-image size-full\"><img loading=\"lazy\" decoding=\"async\" width=\"1920\" height=\"1080\" src=\"https:\/\/mera25.se\/wp-content\/uploads\/2025\/06\/IG-Metall.png\" alt=\"\" class=\"wp-image-246\"\/><\/figure>\n<\/div>\n\n\n\n<div class=\"wp-block-column is-layout-flow wp-block-column-is-layout-flow\" style=\"flex-basis:66.66%\">\n<h4 class=\"wp-block-heading has-red-color has-text-color has-link-color wp-elements-def02f23fe593703f11208e12e4fbdc9\"><strong><strong>Ekonomi f\u00f6r m\u00e4nniskor<\/strong><\/strong><\/h4>\n\n\n\n<p class=\"has-red-color has-text-color has-link-color wp-elements-5e024fe2fb7f290a7868bb5f4a5b8415\">R\u00e4ttvis f\u00f6rdelning, deltagarinflytande och offentlig v\u00e4lf\u00e4rd.<\/p>\n<\/div>\n<\/div>\n<\/div>\n\n\n\n<div class=\"wp-block-column is-layout-flow wp-block-column-is-layout-flow\">\n<div class=\"wp-block-columns gap-40 is-layout-flex wp-container-core-columns-is-layout-9d6595d7 wp-block-columns-is-layout-flex\">\n<div class=\"wp-block-column is-layout-flow wp-block-column-is-layout-flow\" style=\"flex-basis:33.33%\">\n<figure class=\"wp-block-image size-full\"><img loading=\"lazy\" decoding=\"async\" width=\"1920\" height=\"1080\" src=\"https:\/\/mera25.se\/wp-content\/uploads\/2025\/06\/IG-Metall.png\" alt=\"\" class=\"wp-image-246\"\/><\/figure>\n<\/div>\n\n\n\n<div class=\"wp-block-column is-layout-flow wp-block-column-is-layout-flow\" style=\"flex-basis:66.66%\">\n<h4 class=\"wp-block-heading has-red-color has-text-color has-link-color wp-elements-63957a9ac5efb7d6ad40d7de8db0f009\"><strong><strong>Medborgardriven demokrati<\/strong><\/strong><\/h4>\n\n\n\n<p class=\"has-red-color has-text-color has-link-color wp-elements-29a7395aba495d339851ba8bfd0dbc8c\">Beslut fattas n\u00e4ra folket, med verkligt inflytande.<\/p>\n<\/div>\n<\/div>\n<\/div>\n<\/div>\n\n\n\n<div style=\"height:20px\" aria-hidden=\"true\" class=\"wp-block-spacer\"><\/div>\n\n\n\n<div class=\"wp-block-columns gap-50 is-layout-flex wp-container-core-columns-is-layout-9d6595d7 wp-block-columns-is-layout-flex\">\n<div class=\"wp-block-column is-layout-flow wp-block-column-is-layout-flow\">\n<div class=\"wp-block-columns gap-40 is-layout-flex wp-container-core-columns-is-layout-9d6595d7 wp-block-columns-is-layout-flex\">\n<div class=\"wp-block-column is-layout-flow wp-block-column-is-layout-flow\" style=\"flex-basis:33.33%\">\n<figure class=\"wp-block-image size-full\"><img loading=\"lazy\" decoding=\"async\" width=\"1920\" height=\"1080\" src=\"https:\/\/mera25.se\/wp-content\/uploads\/2025\/06\/IG-Metall.png\" alt=\"\" class=\"wp-image-246\"\/><\/figure>\n<\/div>\n\n\n\n<div class=\"wp-block-column is-layout-flow wp-block-column-is-layout-flow\" style=\"flex-basis:66.66%\">\n<h4 class=\"wp-block-heading has-red-color has-text-color has-link-color wp-elements-0d9ffc729aec5f095726a8037a9df922\"><strong>Utrikespolitik f\u00f6r fred<\/strong><\/h4>\n\n\n\n<p class=\"has-red-color has-text-color has-link-color wp-elements-ce872a2c9c351d4ac98db031701cad57\">Solidaritet, nedrustning och global r\u00e4ttvisa.<\/p>\n<\/div>\n<\/div>\n<\/div>\n\n\n\n<div class=\"wp-block-column is-layout-flow wp-block-column-is-layout-flow\">\n<div class=\"wp-block-columns gap-40 is-layout-flex wp-container-core-columns-is-layout-9d6595d7 wp-block-columns-is-layout-flex\">\n<div class=\"wp-block-column is-layout-flow wp-block-column-is-layout-flow\" style=\"flex-basis:33.33%\">\n<figure class=\"wp-block-image size-full\"><img loading=\"lazy\" decoding=\"async\" width=\"1920\" height=\"1080\" src=\"https:\/\/mera25.se\/wp-content\/uploads\/2025\/06\/IG-Metall.png\" alt=\"\" class=\"wp-image-246\"\/><\/figure>\n<\/div>\n\n\n\n<div class=\"wp-block-column is-layout-flow wp-block-column-is-layout-flow\" style=\"flex-basis:66.66%\">\n<h4 class=\"wp-block-heading has-red-color has-text-color has-link-color wp-elements-78178117feb9d20adffc157f61c86011\"><strong>Milj\u00f6, h\u00e5llbarhet och energi<\/strong><\/h4>\n\n\n\n<p class=\"has-red-color has-text-color has-link-color wp-elements-6bd0d27e291939a03708897c2ad2788c\">Klimatr\u00e4ttvisa, f\u00f6rnybar energi och regenerativa resurser.<\/p>\n<\/div>\n<\/div>\n<\/div>\n<\/div>\n\n\n\n<div style=\"height:20px\" aria-hidden=\"true\" class=\"wp-block-spacer\"><\/div>\n\n\n\n<div class=\"wp-block-buttons is-content-justification-center is-layout-flex wp-container-core-buttons-is-layout-16018d1d wp-block-buttons-is-layout-flex\">\n<div class=\"wp-block-button is-style-red-button\"><a class=\"wp-block-button__link wp-element-button\" href=\"https:\/\/mera25.se\/our-vision\/\">L\u00e4s hela programmet<\/a><\/div>\n<\/div>\n<\/div><\/div>\n<\/div><\/div>\n\n\n\n<div class=\"wp-block-group\"><div class=\"wp-block-group__inner-container is-layout-constrained wp-block-group-is-layout-constrained\">\n<div class=\"wp-block-columns is-layout-flex wp-container-core-columns-is-layout-9d6595d7 wp-block-columns-is-layout-flex\">\n<div class=\"wp-block-column justify-content-center has-red-background-color has-background is-layout-flow wp-block-column-is-layout-flow\" style=\"flex-basis:40%\">\n<div class=\"wp-block-group inner-box\"><div class=\"wp-block-group__inner-container is-layout-constrained wp-block-group-is-layout-constrained\">\n<h3 class=\"wp-block-heading has-large-font-size\"><strong><strong>Tiden h\u00e5ller p\u00e5 att rinna ut.<\/strong><\/strong><\/h3>\n\n\n\n<p class=\"has-medium-font-size\">MERA25 \u00e4r en r\u00f6relse f\u00f6r m\u00e4nniskor som v\u00e4grar acceptera status quo. Vi organiserar oss fr\u00e5n grunden, vi \u00e4r demokratiska, radikala och internationella. Men vi kan bara lyckas om vi g\u00f6r det tillsammans \u2013 med dig. Varje minut, varje r\u00f6st, varje bidrag r\u00e4knas.<\/p>\n<\/div><\/div>\n<\/div>\n\n\n\n<div class=\"wp-block-column justify-content-center has-purple-background-color has-background is-layout-flow wp-block-column-is-layout-flow\" style=\"flex-basis:60%\">\n<div class=\"wp-block-group inner-box\"><div class=\"wp-block-group__inner-container is-layout-constrained wp-block-group-is-layout-constrained\">\n<h3 class=\"wp-block-heading has-large-font-size\"><strong>Donera och ge MERA25 kraft<\/strong><\/h3>\n\n\n\n<div class=\"wp-block-group is-layout-grid wp-container-core-group-is-layout-6059c0ab wp-block-group-is-layout-grid\">\n<div class=\"wp-block-buttons is-content-justification-center is-layout-flex wp-container-core-buttons-is-layout-16018d1d wp-block-buttons-is-layout-flex\">\n<div class=\"wp-block-button has-custom-width wp-block-button__width-100 is-style-outline is-style-outline--1\"><a class=\"wp-block-button__link wp-element-button\" href=\"https:\/\/app.swish.nu\/1\/p\/sw\/?sw=1230101774&amp;amt=50&amp;cur=SEK&amp;msg=Donation&amp;edit=amt,msg&amp;src=qr\" style=\"border-radius:0px\" target=\"_blank\" rel=\"noreferrer noopener\">50 SEK<\/a><\/div>\n<\/div>\n\n\n\n<div class=\"wp-block-buttons is-content-justification-center is-layout-flex wp-container-core-buttons-is-layout-16018d1d wp-block-buttons-is-layout-flex\">\n<div class=\"wp-block-button has-custom-width wp-block-button__width-100 is-style-outline is-style-outline--2\"><a class=\"wp-block-button__link wp-element-button\" href=\"https:\/\/app.swish.nu\/1\/p\/sw\/?sw=1230101774&amp;amt=100&amp;cur=SEK&amp;msg=Donation&amp;edit=amt,msg&amp;src=qr\" style=\"border-radius:0px\" target=\"_blank\" rel=\"noreferrer noopener\">100 SEK<\/a><\/div>\n<\/div>\n\n\n\n<div class=\"wp-block-buttons is-content-justification-center is-layout-flex wp-container-core-buttons-is-layout-16018d1d wp-block-buttons-is-layout-flex\">\n<div class=\"wp-block-button has-custom-width wp-block-button__width-100 is-style-outline is-style-outline--3\"><a class=\"wp-block-button__link wp-element-button\" href=\"https:\/\/app.swish.nu\/1\/p\/sw\/?sw=1230101774&amp;amt=200&amp;cur=SEK&amp;msg=Donation&amp;edit=amt,msg&amp;src=qr\" style=\"border-radius:0px\" target=\"_blank\" rel=\"noreferrer noopener\">200 SEK<\/a><\/div>\n<\/div>\n\n\n\n<div class=\"wp-block-buttons is-content-justification-center is-layout-flex wp-container-core-buttons-is-layout-16018d1d wp-block-buttons-is-layout-flex\">\n<div class=\"wp-block-button has-custom-width wp-block-button__width-100 is-style-outline is-style-outline--4\"><a class=\"wp-block-button__link wp-element-button\" href=\"https:\/\/app.swish.nu\/1\/p\/sw\/?sw=1230101774&amp;amt=300&amp;cur=SEK&amp;msg=Donation&amp;edit=amt,msg&amp;src=qr\" style=\"border-radius:0px\" target=\"_blank\" rel=\"noreferrer noopener\">300 SEK<\/a><\/div>\n<\/div>\n\n\n\n<div class=\"wp-block-buttons is-content-justification-center is-layout-flex wp-container-core-buttons-is-layout-16018d1d wp-block-buttons-is-layout-flex\">\n<div class=\"wp-block-button has-custom-width wp-block-button__width-100 is-style-outline is-style-outline--5\"><a class=\"wp-block-button__link wp-element-button\" href=\"https:\/\/app.swish.nu\/1\/p\/sw\/?sw=1230101774&amp;amt=500&amp;cur=SEK&amp;msg=Donation&amp;edit=amt,msg&amp;src=qr\" style=\"border-radius:0px\" target=\"_blank\" rel=\"noreferrer noopener\">500 SEK<\/a><\/div>\n<\/div>\n\n\n\n<div class=\"wp-block-buttons is-content-justification-center is-layout-flex wp-container-core-buttons-is-layout-16018d1d wp-block-buttons-is-layout-flex\">\n<div class=\"wp-block-button has-custom-width wp-block-button__width-100 is-style-outline is-style-outline--6\"><a class=\"wp-block-button__link wp-element-button\" href=\"https:\/\/app.swish.nu\/1\/p\/sw\/?sw=1230101774&amp;amt=1000&amp;cur=SEK&amp;msg=Donation&amp;edit=amt,msg&amp;src=qr\" style=\"border-radius:0px\" target=\"_blank\" rel=\"noreferrer noopener\">1000 SEK<\/a><\/div>\n<\/div>\n\n\n\n<div class=\"wp-block-buttons wp-container-content-ac5165bd is-content-justification-center is-layout-flex wp-container-core-buttons-is-layout-5590e8cb wp-block-buttons-is-layout-flex\">\n<div class=\"wp-block-button has-custom-width wp-block-button__width-100 is-style-outline is-style-outline--7\"><a class=\"wp-block-button__link wp-element-button\" href=\"https:\/\/app.swish.nu\/1\/p\/sw\/?sw=1230101774&amp;cur=SEK&amp;msg=Donation&amp;edit=amt,msg&amp;src=qr\" style=\"border-radius:0px\" target=\"_blank\" rel=\"noreferrer noopener\">Valfri summa<\/a><\/div>\n<\/div>\n<\/div>\n<\/div><\/div>\n<\/div>\n<\/div>\n<\/div><\/div>\n\n\n\n<div class=\"wp-block-group has-cream-background-color has-background\"><div class=\"wp-block-group__inner-container is-layout-constrained wp-block-group-is-layout-constrained\">\n<div class=\"wp-block-group inner\"><div class=\"wp-block-group__inner-container is-layout-constrained wp-block-group-is-layout-constrained\">\n<div class=\"wp-block-columns is-layout-flex wp-container-core-columns-is-layout-9d6595d7 wp-block-columns-is-layout-flex\">\n<div class=\"wp-block-column has-cream-background-color has-background is-layout-flow wp-block-column-is-layout-flow\">\n<h1 class=\"wp-block-heading has-text-align-center mb-0 has-red-color has-text-color has-link-color has-x-large-font-size wp-elements-4f86001a085d399a740b024558ec2d06\">Vi bygger framtiden \u2013 h\u00e4r och nu<\/h1>\n<\/div>\n<\/div>\n\n\n\n<div style=\"height:60px\" aria-hidden=\"true\" class=\"wp-block-spacer\"><\/div>\n\n\n\n<div class=\"wp-block-columns is-layout-flex wp-container-core-columns-is-layout-9d6595d7 wp-block-columns-is-layout-flex\">\n<div class=\"wp-block-column center has-cream-background-color has-background is-layout-flow wp-block-column-is-layout-flow\">\n<iframe style=\"border: 0; width: 500px; height: 240px;\" src=\"https:\/\/i.diem25.org\/sv\/embed\/diem25_newsletter?interest=mera25_se\"><\/iframe>\n<\/div>\n<\/div>\n<\/div><\/div>\n<\/div><\/div>\n","protected":false},"excerpt":{"rendered":"<p>N\u00e4r makten samlas hos de rikaste och planeten st\u00e5r p\u00e5 spel \u2013 vem st\u00e5r p\u00e5 folkets sida? Vi vill skapa ett demokratiskt, r\u00e4ttvist och h\u00e5llbart Sverige \u2013 f\u00f6r alla. med \u00f6ver 169.000 DiEM25 medlemmar i hela Europa,&nbsp;varav \u00f6ver 1000 i Sverige Ett parti byggt av folket \u2013 \u00f6ver hela Sverige och Europa MERA25 styrs inte &hellip;<\/p>\n","protected":false},"author":4,"featured_media":0,"parent":0,"menu_order":0,"comment_status":"closed","ping_status":"closed","template":"page-home.php","meta":{"_genesis_block_theme_hide_title":false,"footnotes":""},"class_list":["post-8","page","type-page","status-publish","hentry","post","without-featured-image"],"acf":[],"_links":{"self":[{"href":"https:\/\/mera25.se\/wp-json\/wp\/v2\/pages\/8","targetHints":{"allow":["GET"]}}],"collection":[{"href":"https:\/\/mera25.se\/wp-json\/wp\/v2\/pages"}],"about":[{"href":"https:\/\/mera25.se\/wp-json\/wp\/v2\/types\/page"}],"author":[{"embeddable":true,"href":"https:\/\/mera25.se\/wp-json\/wp\/v2\/users\/4"}],"replies":[{"embeddable":true,"href":"https:\/\/mera25.se\/wp-json\/wp\/v2\/comments?post=8"}],"version-history":[{"count":227,"href":"https:\/\/mera25.se\/wp-json\/wp\/v2\/pages\/8\/revisions"}],"predecessor-version":[{"id":721,"href":"https:\/\/mera25.se\/wp-json\/wp\/v2\/pages\/8\/revisions\/721"}],"wp:attachment":[{"href":"https:\/\/mera25.se\/wp-json\/wp\/v2\/media?parent=8"}],"curies":[{"name":"wp","href":"https:\/\/api.w.org\/{rel}","templated":true}]}}